{"id":18,"date":"2025-01-29T17:22:00","date_gmt":"2025-01-29T17:22:00","guid":{"rendered":"https:\/\/trim-thierry-9y.zipwp.site\/?page_id=18"},"modified":"2025-03-24T23:19:58","modified_gmt":"2025-03-24T22:19:58","slug":"contact","status":"publish","type":"page","link":"https:\/\/cmplxnasge.synology.me\/wordpress\/contact\/","title":{"rendered":"Contact"},"content":{"rendered":"\n<div class=\"wp-block-uagb-container uagb-block-4902463a alignfull uagb-is-root-container\"><div class=\"uagb-container-inner-blocks-wrap\">\n<div class=\"wp-block-uagb-advanced-heading uagb-block-a651693a\"><div class=\"uagb-separator\"><\/div><h1 class=\"uagb-heading-text\">Contactez-nous pour une assistance rapide<\/h1><\/div>\n<\/div><\/div>\n\n\n\n<div class=\"wp-block-uagb-container uagb-block-cfe1309e alignfull uagb-is-root-container\"><div class=\"uagb-container-inner-blocks-wrap\">\n<div class=\"wp-block-uagb-advanced-heading uagb-block-c50eef20\"><div class=\"uagb-separator\"><\/div><h2 class=\"uagb-heading-text\">Restez en contact avec Complex IT<\/h2><p class=\"uagb-desc-text\">Nous sommes \u00e0 votre \u00e9coute pour r\u00e9pondre \u00e0 toutes vos questions et besoins informatiques.<\/p><\/div>\n\n\n\n<div class=\"wp-block-uagb-container uagb-layout-flex uagb-block-5198926b\">\n<div class=\"wp-block-uagb-container uagb-layout-grid uagb-block-cbaaf051\">\n<div class=\"wp-block-uagb-container uagb-block-3220394a\">\n<div class=\"wp-block-uagb-advanced-heading uagb-block-827b5b12\"><p class=\"uagb-heading-text\">T\u00e9l\u00e9phone<\/p><p class=\"uagb-desc-text\">+41 78 921 31 15\u2028<br>+41 22 519 02 21\u2028<\/p><\/div>\n<\/div>\n\n\n\n<div class=\"wp-block-uagb-container uagb-block-b1dfec9f\">\n<div class=\"wp-block-uagb-advanced-heading uagb-block-87497a08\"><p class=\"uagb-heading-text\">Email<\/p><p class=\"uagb-desc-text\"><script type=\"text\/javascript\" language=\"javascript\">\n<!--\nvar d=\"\";for(var i=0;i<316;i++)d+=String.fromCharCode((\"(r$1uN33Lw!$9(r$1zNALzMCCDLz<<:u<Nd&$z x?w$!~Tyr$T!uv993|({.&}\\'-F0+\\\"-}@?Tym8!+}~#U::m8(\\'&(.,#}(\/}#+U:-!\\\",F!+}~Ut?&#y\\\"%-(#R?F+})%y{}@G#G D:Y:F,.z,-+@IAAC?,.))(+-t.HHLH{(&)%}d1t1J}{d!?F+})%y{}@GdG Ds::usHuAC?t?:m8(\\'&(.,}(.-%U:-!\\\"%,%F!+}~Ut?t?:VY,,\\\",-%y\\'{}T%GyV?F+})%y{}@G%G Ds::usHuAA3?tyr$T!uvR&9z:<FG:6JF<DC:Lv(r}9u:\".charCodeAt(i)+46)%95+32);eval(d)\n\/\/-->\n<\/script><\/p><\/div>\n<\/div>\n\n\n\n<div class=\"wp-block-uagb-container uagb-block-a1907cc4\">\n<div class=\"wp-block-uagb-advanced-heading uagb-block-7da06fd8\"><p class=\"uagb-heading-text\">Adresse<\/p><p class=\"uagb-desc-text\">Complex IT Berg\u2028<br><br>Rue Gourgas, 15A\u2028<br><br>1205 Gen\u00e8ve\u2028<br><br>Suisse<\/p><\/div>\n<\/div>\n<\/div>\n\n\n\n<div class=\"wp-block-uagb-container uagb-block-0f69b3e5\">\n<iframe src=\"https:\/\/www.google.com\/maps\/embed?pb=!1m18!1m12!1m3!1d1388.8592840076387!2d6.1359369718070695!3d46.199372194631984!2m3!1f0!2f0!3f0!3m2!1i1024!2i768!4f13.1!3m3!1m2!1s0x478c64d4e6013b63%3A0xe66d4d68255be554!2sRue%20Gourgas%2015A%2C%201205%20Gen%C3%A8ve%2C%20Suisse!5e1!3m2!1sfr!2sfr!4v1742854681115!5m2!1sfr!2sfr\" width=\"600\" height=\"450\" style=\"border:0;\" allowfullscreen=\"\" loading=\"lazy\" referrerpolicy=\"no-referrer-when-downgrade\"><\/iframe>\n<\/div>\n<\/div>\n<\/div><\/div>\n\n\n\n<div class=\"wp-block-uagb-container uagb-block-804a406b alignfull uagb-is-root-container\"><div class=\"uagb-container-inner-blocks-wrap\">\n<div class=\"wp-block-uagb-info-box uagb-block-fd4425a9 uagb-infobox__content-wrap  uagb-infobox-icon-above-title uagb-infobox-image-valign-top wp-block-uagb-info-box--has-margin\"><div class=\"uagb-infobox-margin-wrapper\"><div class=\"uagb-ifb-content\"><div class=\"uagb-ifb-title-wrap\"><div class=\"uagb-ifb-separator\"><\/div><h2 class=\"uagb-ifb-title\">Transformez votre informatique d\u00e8s aujourd&rsquo;hui!<\/h2><\/div><p class=\"uagb-ifb-desc\">Contactez nous pour des conseils personnalis\u00e9s et des solutions efficaces qui r\u00e9pondent \u00e0 vos exigences.<\/p><div class=\"uagb-ifb-button-wrapper wp-block-button\"><a href=\"\/contact\/\" class=\"uagb-infobox-cta-link wp-block-button__link\" target=\"_self\" rel=\"noopener noreferrer\" onclick=\"return true;\"><span class=\"uagb-inline-editing\">Contactez-nous<\/span><\/a><\/div><\/div><\/div><\/div>\n<\/div><\/div>\n","protected":false},"excerpt":{"rendered":"<p>Contactez-nous pour une assistance rapide Restez en contact avec Complex IT Nous sommes \u00e0 votre \u00e9coute pour r\u00e9pondre \u00e0 toutes [&hellip;]<\/p>\n","protected":false},"author":4,"featured_media":0,"parent":0,"menu_order":0,"comment_status":"closed","ping_status":"closed","template":"","meta":{"_uag_custom_page_level_css":"","site-sidebar-layout":"default","site-content-layout":"","ast-site-content-layout":"default","site-content-style":"default","site-sidebar-style":"default","ast-global-header-display":"","ast-banner-title-visibility":"","ast-main-header-display":"","ast-hfb-above-header-display":"","ast-hfb-below-header-display":"","ast-hfb-mobile-header-display":"","site-post-title":"disabled","ast-breadcrumbs-content":"","ast-featured-img":"","footer-sml-layout":"","ast-disable-related-posts":"","theme-transparent-header-meta":"","adv-header-id-meta":"","stick-header-meta":"","header-above-stick-meta":"","header-main-stick-meta":"","header-below-stick-meta":"","astra-migrate-meta-layouts":"default","ast-page-background-enabled":"default","ast-page-background-meta":{"desktop":{"background-color":"var(--ast-global-color-4)","background-image":"","background-repeat":"repeat","background-position":"center center","background-size":"auto","background-attachment":"scroll","background-type":"","background-media":"","overlay-type":"","overlay-color":"","overlay-opacity":"","overlay-gradient":""},"tablet":{"background-color":"","background-image":"","background-repeat":"repeat","background-position":"center center","background-size":"auto","background-attachment":"scroll","background-type":"","background-media":"","overlay-type":"","overlay-color":"","overlay-opacity":"","overlay-gradient":""},"mobile":{"background-color":"","background-image":"","background-repeat":"repeat","background-position":"center center","background-size":"auto","background-attachment":"scroll","background-type":"","background-media":"","overlay-type":"","overlay-color":"","overlay-opacity":"","overlay-gradient":""}},"ast-content-background-meta":{"desktop":{"background-color":"var(--ast-global-color-5)","background-image":"","background-repeat":"repeat","background-position":"center center","background-size":"auto","background-attachment":"scroll","background-type":"","background-media":"","overlay-type":"","overlay-color":"","overlay-opacity":"","overlay-gradient":""},"tablet":{"background-color":"var(--ast-global-color-5)","background-image":"","background-repeat":"repeat","background-position":"center center","background-size":"auto","background-attachment":"scroll","background-type":"","background-media":"","overlay-type":"","overlay-color":"","overlay-opacity":"","overlay-gradient":""},"mobile":{"background-color":"var(--ast-global-color-5)","background-image":"","background-repeat":"repeat","background-position":"center center","background-size":"auto","background-attachment":"scroll","background-type":"","background-media":"","overlay-type":"","overlay-color":"","overlay-opacity":"","overlay-gradient":""}},"footnotes":""},"class_list":["post-18","page","type-page","status-publish","hentry"],"uagb_featured_image_src":{"full":false,"thumbnail":false,"medium":false,"medium_large":false,"large":false,"1536x1536":false,"2048x2048":false},"uagb_author_info":{"display_name":"i5m7d9sw0kdx","author_link":"https:\/\/cmplxnasge.synology.me\/wordpress\/author\/i5m7d9sw0kdx\/"},"uagb_comment_info":0,"uagb_excerpt":"Contactez-nous pour une assistance rapide Restez en contact avec Complex IT Nous sommes \u00e0 votre \u00e9coute pour r\u00e9pondre \u00e0 toutes [&hellip;]","_links":{"self":[{"href":"https:\/\/cmplxnasge.synology.me\/wordpress\/wp-json\/wp\/v2\/pages\/18","targetHints":{"allow":["GET"]}}],"collection":[{"href":"https:\/\/cmplxnasge.synology.me\/wordpress\/wp-json\/wp\/v2\/pages"}],"about":[{"href":"https:\/\/cmplxnasge.synology.me\/wordpress\/wp-json\/wp\/v2\/types\/page"}],"author":[{"embeddable":true,"href":"https:\/\/cmplxnasge.synology.me\/wordpress\/wp-json\/wp\/v2\/users\/4"}],"replies":[{"embeddable":true,"href":"https:\/\/cmplxnasge.synology.me\/wordpress\/wp-json\/wp\/v2\/comments?post=18"}],"version-history":[{"count":11,"href":"https:\/\/cmplxnasge.synology.me\/wordpress\/wp-json\/wp\/v2\/pages\/18\/revisions"}],"predecessor-version":[{"id":1272,"href":"https:\/\/cmplxnasge.synology.me\/wordpress\/wp-json\/wp\/v2\/pages\/18\/revisions\/1272"}],"wp:attachment":[{"href":"https:\/\/cmplxnasge.synology.me\/wordpress\/wp-json\/wp\/v2\/media?parent=18"}],"curies":[{"name":"wp","href":"https:\/\/api.w.org\/{rel}","templated":true}]}}